, -8 = -4*q. Let z = -18 - d. Let a(p) = p**2 + 2 + p - 4*p**2 + p**2. What is a(z)?
-8
Let f(g) = -6*g - 8*g - 15 + 21*g. Let c(i) = 3*i - 7. Let s(v) = -5*c(v) + 2*f(v). Give s(-4).
9
Let m = 146 + -88. Let t(x) = 2*x - 2 + x**3 + 53*x**2 - m*x**2 - 2*x. Calculate t(5).
-2
Suppose 2*b - 3 = 5. Let z(s) = b*s**3 + 5*s**2 + 3*s - 8*s - 3*s**3 - 1. Determine z(-6).
-7
Let f be 10*((-7)/(-5) - 1). Let w = 20 - 16. Let o(a) = -6*a**2 + 1 + a**3 - w - 2*a + 0*a + 8*a. Calculate o(f).
-11
Let k(f) = -1 - 12*f**2 + 8*f**2 - f + 0. Let b be 10/8*(5 + -1). Suppose 3*d = 8*d + b. Calculate k(d).
-4
Let g(w) = 766*w + 768*w - 1536*w - 10. Calculate g(-2).
-6
Let k(i) = -10*i - 3 - 11*i - 1 + 19*i. Let p(q) = q**2 + q + 7. Let y be p(0). Let o be 26/y + (-2)/(-7). Determine k(o).
-12
Let o(x) = -x**3 + 8*x**2 + 9*x - 1. Let z be o(9). Let h be 7/7 - (z + 2). Suppose d + d + 6 = h. Let l(j) = -2*j**2 - 4*j + 1. Calculate l(d).
-5
Let p(x) = x**3 - 3*x**2 - 4*x + 6. Suppose -8 = 24*b - 26*b. Determine p(b).
6
Let h be ((-4)/8)/(-1)*(-4 - 0). Let a be 3 - 12/4 - h. Let c(r) = 2*r**3 - 4*r**2 + 3*r - 1. What is c(a)?
5
Let b be -17*-3*3/9. Let u = -23 + b. Let l(p) = -p**3 - 7*p**2 - 7*p - 2. Give l(u).
4
Let v be (-4)/(-12) - (2 - (-40)/(-6)). Suppose 5*q + v*l = 10, 3*q - 5*l + 5 = 3. Let i(m) = 3*m - 1. Give i(q).
2
Let v(n) = 3*n. Let g(z) = 4*z**3 + 38*z**2 + 45*z + 24. Let d(r) = -3*r**3 - 25*r**2 - 30*r - 16. Let t(x) = -7*d(x) - 5*g(x). Let y be t(16). Calculate v(y).
24
Let o(d) = -5*d**3 - 3*d**2 + 3. Let f(s) = -11*s**3 - 5*s**2 + 6. Let b(h) = 7*h**2 - 2*h + 1. Let a be b(1). Let p(g) = a*f(g) - 13*o(g). What is p(9)?
-3
Let q(p) = -12*p + 62 - 88 + 25. Calculate q(3).
-37
Let c = -40 - -19. Suppose -5*u - 2*f = 454, 4*f - 331 - 111 = 5*u. Let s be 2/(-7) + u/c. Let q(z) = z**3 - 5*z**2 + 5*z - 4. Determine q(s).
0
Let i be (-2)/((9/3)/(-3)). Suppose -i = 6*k - 7*k. Let a(o) = o**2 - 2. Let d be a(k). Let y(t) = 3*t - 2. Give y(d).
4
Let y(n) be the second derivative of 0*n**4 + 1/6*n**3 + 5/2*n**2 + 0 + 1/60*n**5 + 2*n. Let j(i) be the first derivative of y(i). Give j(-2).
5
Let p(b) be the first derivative of -b**3/3 + b**2 - 2*b + 39. Determine p(3).
-5
Let p(t) = -2*t - 1. Let u(z) = 4*z + 6. Let r(m) = -7*p(m) - 4*u(m). What is r(5)?
-27
Let r(c) = -13*c + 9. Let q(f) = -50*f + 40. Let k(v) = 2*q(v) - 9*r(v). Determine k(2).
33
Let n(x) = 2*x - 3. Let v be ((-42)/4)/7*-6. Let y = 13 - v. Let u be (2/(-5))/(y/(-40)). Calculate n(u).
5
Let p(k) = 5*k + 4. Let u be (-68)/6 + (-5 - 32/(-6)). Let b(w) = 9*w + 7. Let s(o) = u*p(o) + 6*b(o). Give s(5).
-7
Let a(v) be the first derivative of 20 + v**2 + 0*v**2 + v**2. Give a(-1).
-4
Let j(o) = -o**2 + o + 1. Let i(h) = 5*h**2 - h - 9. Let k(p) = i(p) + 4*j(p). Calculate k(-4).
-1
Let k(x) be the third derivative of 7*x**5/20 + x**4/24 + x**3/6 + 10*x**2. Suppose 45*c + 16 = 29*c. What is k(c)?
21
Let w = 24 - 21. Suppose 0*a - 2 = -a. Let c(m) = -1 + 2*m**a + 23*m - 23*m + m**w. Determine c(-2).
-1
Let b(d) = 13 - 2*d**2 - 3*d**2 + 6*d**2 - 10*d. Suppose -83*t = -78*t - 45. Give b(t).
4
Let w(j) = -23*j + 36*j - 17*j. Give w(-2).
8
Let g(w) be the second derivative of -w**3/6 - 5*w**2/2 - w. Suppose 35 = -2724*k + 2717*k. Determine g(k).
0
Suppose 2*c = -5*k + 3, 12*c - 17*c - 45 = -5*k. Let u(w) be the third derivative of w**6/120 + w**5/12 - w**4/4 + w**2. What is u(c)?
0
Let c(z) = 4*z**3 + 4*z + 4. Let x(v) = -5*v**3 - 5*v - 2. Let j(h) = 4*c(h) + 3*x(h). Give j(0).
10
Let k(z) = -z - 17. Suppose 4*x + 3*w + 47 = 0, 5*x - 41 = 9*x - 3*w. Calculate k(x).
-6
Let v be (-16)/(-10)*-1*5. Let t be 20/v*2/(-5). Let i(y) = y**2 - 2*y**2 - 7*y + 0 + t + 0*y**2. What is i(-6)?
7
Suppose -5*a = -30*a - 200. Let o(c) = c**2 + 10*c + 7. Determine o(a).
-9
Let t(d) = -d**3 + d - 1. Let r(n) = -2*n**2 - 6*n + 2. Let k be r(-5). Let v be (0*-3*3/k)/(-1). What is t(v)?
-1
Let v = 6 + -3. Suppose 0 = -y + 5, v*y = -5*k + k + 27. Let m(d) = -3 + d - 5 + 2 + k. Give m(3).
0
Let n(v) = v + 4. Let b = -157 + 157. What is n(b)?
4
Let m(o) = o**3 + o**2 + o. Let l(q) = 5*q**3 + 5*q**2 + q - 1. Suppose -4 = -4*c - 8. Let p(i) = c*l(i) + 3*m(i). Determine p(-2).
5
Let t(v) = -7*v**2 - 3*v + 12. Let a(b) = -15*b**2 - 6*b + 26. Let o(y) = 4*a(y) - 9*t(y). Calculate o(-4).
32
Let l(h) = -10*h**2 + h + 5. Let g(n) = -2*n**2 + 1. Let c(p) = -11*g(p) + 2*l(p). Let j = 46 + -34. Suppose -11*v = -j*v - 3. Calculate c(v).
11
Let w(g) = 14*g + 2 - 4 + 2. Suppose s - f = 1, 0 = -2*s - 2*s + 5*f + 4. Determine w(s).
14
Let m(d) = -7*d**2 + 9. Let k(f) = -46*f**2 - f + 55. Let l(p) = 2*k(p) - 13*m(p). What is l(-4)?
-15
Let x(a) = -4*a**2 - a + 10*a**2 - 5*a**2 + a**3 - 3*a. Let u = 22 - 15. Let m(y) = y**2 - 6*y - 10. Let o be m(u). Calculate x(o).
-6
Let a(i) be the third derivative of i**6/120 - i**5/20 - 3*i**4/8 + 5*i**3/3 - 2*i**2 + 78. Calculate a(5).
15
Let a(z) be the third derivative of z**5/60 - 7*z**4/24 - z**3/6 + 94*z**2. Determine a(-5).
59
Let u(x) = 4*x - 1. Let j(r) = 5*r - 4. Let z(n) = -3*j(n) + 4*u(n). What is z(-8)?
0
Let m(s) be the third derivative of -16*s**2 + 0 + 0*s + 0*s**4 - 4/15*s**5 + 0*s**3. Give m(-1).
-16
Let p(i) = -3 + 23*i + 25*i - 45*i - 2*i**2 + 2*i**3. What is p(3)?
42
Let j be (-40)/(-2)*((-8)/5 + 2). Let z(n) = 53 + j*n + n**2 - 57 - n. Calculate z(-6).
-10
Let y be (-2)/8 + (-34)/(-8). Let m(z) be the second derivative of -z**4/6 + z**3 - 2*z**2 - 1622*z. What is m(y)?
-12
Suppose 286 = 8*a + 126. Let g(t) = t**3 - 20*t**2. Give g(a).
0
Let v(a) = a**3 - 2*a**2 - 4*a + 4. Let x = 1640 - 1637. What is v(x)?
1
Suppose -4*c = -6*c - 5*x + 62, -3*c + 4*x = -116. Suppose 20*v - c = 14*v. Let r(z) = 2*z - 2*z + 9 - 2*z. Determine r(v).
-3
Let b(m) = 250*m - 1 - m**3 - 255*m - 3 + 5*m**2. Let t be b(3). Let o(y) = 1 + 2*y**2 - 1 - 2*y**3 - 1. Determine o(t).
3
Let g(w) = -1 + 0 - 29 - 4*w + w - 5. Give g(-12).
1
Let n(j) = j**3 + 25*j**2 + 47*j + 25. Let h be n(-23). Let w(f) be the first derivative of -10 + 0*f + 1/2*f**h. Calculate w(-3).
-3
Let w(g) be the third derivative of g**5/60 - g**4/4 + g**3/2 - 5*g**2 - 8*g. Determine w(5).
-2
Let z(m) be the third derivative of -m**5/60 + m**4/6 + m**3/2 - 240*m**2. Suppose 0 = -i + 3*i - 6. Calculate z(i).
6
Let p(o) = -4*o**3 - 2*o**2 - 4*o - 1. Let s be p(-1). Let u(x) = -3*x + 4. Give u(s).
-11
Let r(h) = -h - 2. Let u(w) be the second derivative of -w**5/20 + 2*w**4/3 + w**3/6 - 5*w**2/2 - 8*w. Let g be u(8). Calculate r(g).
-5
Let b(n) be the third derivative of -n**4/12 + 3*n**3/2 - 2*n**2. Suppose 610 = 5*p + 5*q, 0*q - q + 243 = 2*p. Let l be 22/p + (-86)/(-11). Determine b(l).
-7
Let g(m) = m**2 + 6. Let t(b) be the first derivative of b**3/3 - b**2/2 + 14. Let x(h) = -g(h) + 2*t(h). Give x(5).
9
Let c(k) be the second derivative of -30*k - 1/2*k**3 + 0 + 2*k**2. Calculate c(-3).
13
Suppose -12 = 3*x - 3. Let t(o) = -5*o - 1. Let u(j) = -9*j - 2. Let q(s) = x*u(s) + 5*t(s). What is q(-1)?
-1
Let h(k) = 2 + 4*k + 9 + 0*k - 7 + 19. Calculate h(-4).
7
Let u(y) = -5*y**2 + y. Let h be (1 + 12/(-8))*0. Suppose 5*t + a = 76, 4*a = -5*t - h*a + 64. Let q be 9/7 + t/(-56). Calculate u(q).
-4
Let x(r) = -4*r**2 + 2*r + 1. Suppose g = -2*o + 5*o - 4, -4*g - 3 = o. Let f be o/((7/(-4))/(-7)). Suppose -f*d + 7 + 1 = 0. Determine x(d).
-11
Let h(y) be the third derivative of -y**7/840 + y**6/90 - y**5/40 + y**4/12 - 19*y**3/3 - 31*y**2. Let z(b) be the first derivative of h(b). Calculate z(4).
-10
Suppose 4*l = 4*n + 48, -2*l = -n + 34 - 54. Let g(w) = -2*w - 16. What is g(l)?
-32
Suppose -2*k + 8 = -6*k. Let u(g) = -g**3 + g**2 + 2*g**2 + 3*g**3 + g**3. Determine u(k).
-12
Let f(q) be the third derivative of q**4/6 + q**3/6 + 2*q**2 + 6*q. Let o be (-3)/(0 + 12/(-16)). What is f(o)?
17
Let y(i) be the third derivative of i**6/120 + i**5/6 + i**4/2 + 11*i**3/6 + 94*i**2 - 3*i. Determine y(-8).
43
Let c = 3 - -30. Let g(f) = c*f**3 + 1 - 2*f**2 - 28*f**3 + 0. Determine g(-1).
-6
Suppose -10*i - 118 = -38. Let k(n) = -7*n - 2. Determine k(i).
54
Let p(v) = 6*v - 4. Let i be p(2). Let z(n) = -7*n**3 + n + i*n**3 + 7 + 0*n + 5*n**2. Give z(-5).
2
Let l(r) = r**3 - 10*r**2 - 10*r - 6. Suppose -5*o - 5*d = -15 - 65, 2*d - 43 = -3*o. Determine l(o).
5
Let 